prime number?
True
Is 999133 a prime number?
True
Is 4049 prime?
True
Is 154523 a prime number?
True
Is 10991 composite?
True
Is 7993 a composite number?
False
Is 93047 a prime number?
True
Is 40157 prime?
False
Is 29987 a prime number?
False
Is 164089 a composite number?
False
Is 32773 composite?
True
Is 989777 a composite number?
False
Is 15769 a composite number?
True
Is 8851 prime?
False
Is 3147 a composite number?
True
Is 502847 a prime number?
True
Is 41333 a prime number?
True
Is 1411 a prime number?
False
Is 6119 composite?
True
Is 88701 a composite number?
True
Is 57 a composite number?
True
Is 3377633 prime?
False
Is 329941 prime?
True
Is 547171 a prime number?
True
Is 46034 a composite number?
True
Is 98305 a composite number?
True
Is 198811 composite?
False
Is 1525783 a composite number?
True
Is 27658 prime?
False
Is 1683467 a prime number?
True
Is 111263 a prime number?
True
Is 20974 composite?
True
Is 23429 a prime number?
False
Is 288283 a composite number?
False
Is 28297 prime?
True
Is 36523 composite?
False
Is 14951 prime?
True
Is 45613 a prime number?
True
Is 88337 a prime number?
True
Is 107443 a composite number?
True
Is 53849 composite?
False
Is 16429 a prime number?
False
Is 311897 a composite number?
False
Is 1148327 prime?
True
Is 21467 composite?
False
Is 945521 a composite number?
False
Is 3901 a composite number?
True
Is 437 a prime number?
False
Is 66431 composite?
False
Is 89443 a composite number?
False
Is 344017 prime?
True
Is 10577 a composite number?
True
Is 78051 composite?
True
Is 4121 composite?
True
Is 14369 a prime number?
True
Is 113279 a composite number?
False
Is 88051 composite?
True
Is 33457 prime?
True
Is 61189 prime?
False
Is 5919 prime?
False
Is 445 a composite number?
True
Is 283481 prime?
False
Is 868447 prime?
False
Is 4649 a prime number?
True
Is 2819 a composite number?
False
Is 4083 composite?
True
Is 5269 prime?
False
Is 7981 a prime number?
False
Is 69709 prime?
True
Is 7993 composite?
False
Is 1225582 prime?
False
Is 36997 a prime number?
True
Is 4034 composite?
True
Is 4153 a composite number?
False
Is 1777 a prime number?
True
Is 11953 a prime number?
True
Is 764783 a prime number?
True
Is 6289 composite?
True
Is 8453 a prime number?
False
Is 154793 composite?
True
Is 47303 composite?
False
Is 6997 a prime number?
True
Is 81601 composite?
True
Is 135551 composite?
True
Is 577721 composite?
False
Is 13963 composite?
False
Is 10559 prime?
True
Is 169697 prime?
False
Is 186377 prime?
True
Is 23269 a composite number?
False
Is 346679 a prime number?
False
Is 234431 a composite number?
False
Is 2017 a prime number?
True
Is 396613 composite?
True
Is 843811 prime?
True
Is 2833 prime?
True
Is 31357 a composite number?
False
Is 738529 composite?
True
Is 35873 prime?
False
Is 1058377 composite?
False
Is 711323 prime?
False
Is 53561 prime?
False
Is 34693 a composite number?
False
Is 4619 prime?
False
Is 13106 a prime number?
False
Is 18227 a composite number?
True
Is 19861 a prime number?
True
Is 37651 a composite number?
True
Is 56227 a composite number?
True
Is 181637 a composite number?
True
Is 6557 composite?
True
Is 11531 composite?
True
Is 8053 a prime number?
True
Is 151841 a composite number?
False
Is 6521 composite?
False
Is 12653 a composite number?
False
Is 26921 a composite number?
False
Is 942737 a prime number?
False
Is 38989 a prime number?
False
Is 153739 prime?
True
Is 20857 a prime number?
True
Is 10903 a prime number?
True
Is 10805 a composite number?
True
Is 44245 a prime number?
False
Is 131953 prime?
False
Is 31457 prime?
False
Is 2559257 composite?
True
Is 1149373 prime?
True
Is 641623 composite?
False
Is 31919 composite?
True
Is 991 a prime number?
True
Is 68041 prime?
True
Is 95671 prime?
False
Is 52133 a prime number?
False
Is 1399 prime?
True
Is 53069 prime?
True
Is 15091 prime?
True
Is 2051911 prime?
False
Is 26461 composite?
True
Is 222181 composite?
True
Is 4271 a composite number?
False
Is 58385 a prime number?
False
Is 5999 prime?
False
Is 218573 a composite number?
True
Is 30985 prime?
False
Is 493315 a composite number?
True
Is 5513 prime?
False
Is 17998 composite?
True
Is 77797 a prime number?
True
Is 20303 composite?
True
Is 10687 composite?
False
Is 238117 composite?
True
Is 12049 composite?
False
Is 6887 composite?
True
Is 164413 a composite number?
False
Is 6637 a composite number?
False
Is 148099 composite?
True
Is 43063 prime?
True
Is 40735 a composite number?
True
Is 300293 prime?
False
Is 40693 prime?
True
Is 388219 a composite number?
True
Is 798781 prime?
True
Is 1080773 a composite number?
False
Is 1671 a prime number?
False
Is 150313 a prime number?
False
Is 13033 composite?
False
Is 3715 a composite number?
True
Is 1942 a composite number?
True
Is 30671 a composite number?
False
Is 19641 prime?
False
Is 1852987 prime?
True
Is 3899 prime?
False
Is 811481 a prime number?
False
Is 252139 a composite number?
False
Is 23717 composite?
True
Is 123979 prime?
True
Is 445963 a prime number?
False
Is 29451 composite?
True
Is 2629577 a prime number?
False
Is 35589 a composite number?
True
Is 2897 a prime number?
True
Is 278066 a composite number?
True
Is 163973 a composite number?
False
Is 129749 composite?
False
Is 159989 prime?
False
Is 60839 a prime number?
False
Is 1468189 composite?
False
Is 80501 a prime number?
False
Is 1523 composite?
False
Is 81281 a composite number?
False
Is 21427 a prime number?
False
Is 917 composite?
True
Is 19613 prime?
False
Is 60271 a prime number?
True
Is 15545 composite?
True
Is 7207 composite?
False
Is 2237 prime?
True
Is 68707 composite?
True
Is 4619 a prime number?
False
Is 249793 prime?
False
Is 226769 a composite number?
False
Is 9029 a composite number?
False
Is 13531 a composite number?
True
Is 35341 a composite number?
True
Is 5333 a composite number?
False
Is 1238407 a composite number?
False
Is 147827 prime?
True
Is 6117 a prime number?
False
Is 45379 composite?
True
Is 40601 a prime number?
False
Is 37199 a prime number?
True
Is 12569 composite?
False
Is 276461 composite?
False
Is 2437 a composite number?
False
Is 60677 composite?
True
Is 13229 a composite number?
False
Is 57415 a composite number?
True
Is 4853 a prime number?
False
Is 4327 a composite number?
False
Is 25361 a prime number?
False
Is 7853 a prime number?
True
Is 2887 prime?
True
Is 7829 composite?
False
Is 17231 a composite number?
False
Is 144331 a prime number?
False
Is 13507 a composite number?
True
Is 20053 prime?
False
Is 662 a composite number?
True
Is 28337 a prime number?
False
Is 19949 a composite number?
False
Is 1259 a composite number?
False
Is 666329 a prime number?
True
Is 931609 a composite number?
True
Is 2526079 composite?
True
Is 84389 composite?
False
Is 5113 a prime number?
True
Is 18671 a composite number?
False
Is 11597 prime?
True
Is 17723 a composite number?
True
Is 8519 composite?
True
Is 19121 composite?
False
Is 11069 a prime number?
True
Is 608459 a composite number?
False
Is 6701 composite?
False
Is 11257 a composite number?
False
Is 66169 a composite number?
False
Is 82697 composite?
True
Is 254857 a prime number?
True
Is 16591 a prime number?
False
Is 912041 a prime number?
False
Is 33589 prime?
True
Is 92339 prime?
False
Is 17707 a composite number?
False
Is 33713 prime?
True
Is 8894 a composite number?
True
Is 43333 composite?
True
Is 10687 a prime number?
True
Is 51239 prime?
True
Is 8191 composite?
False
Is 3983093 composite?
False
Is 18053 a composite number?
True
Is 226799 a prime number?
True
Is 48199 a composite number?
True
Is 113453 prime?
True
Is 2358327 a composite number?
True
Is 2849461 a composite number?
False
Is 63929 composite?
False
Is 5437 composite?
False
Is 15859 a prime number?
True
Is 880199 a prime number?
True
Is 402281 a prime number?
False
Is 1039 a prime number?
True
Is 117853 composite?
True
Is 84097 a composite number?
True
Is 194991 a composite number?
True
Is 779773 a prime number?
False
Is 350367 a composite number?
True
Is 7873 a prime number?
True
Is 18455 a prime number?
False
Is 146649 prime?
False
Is 8497 composite?
True
Is 109805 a composite number?
True
Is 1220943 composite?
True
Is 187559 composite?
False
Is 882445 composite?
True
Is 16723 a prime number?
False
Is 1322 a pr